isor of 119260 and 620420?
1340
What is the greatest common divisor of 8372 and 159292?
28
What is the highest common divisor of 46560 and 491790?
2910
What is the highest common divisor of 394502 and 39054?
566
Calculate the highest common factor of 244 and 1815299.
61
Calculate the highest common divisor of 612428 and 44.
4
Calculate the greatest common divisor of 435030936 and 31.
31
What is the greatest common factor of 362 and 74977?
1
What is the highest common divisor of 207908 and 12740?
4
Calculate the greatest common factor of 5283525978 and 2558.
2558
Calculate the highest common factor of 1508902 and 142.
2
Calculate the greatest common factor of 67344 and 31400543.
1403
What is the greatest common divisor of 22370560 and 8960?
1280
What is the greatest common divisor of 21917 and 19390283?
3131
Calculate the highest common divisor of 365514 and 18.
6
Calculate the greatest common divisor of 76933 and 83888.
107
What is the greatest common divisor of 42510 and 376757628?
8502
What is the greatest common divisor of 152675 and 181043?
197
Calculate the highest common factor of 9072 and 12753.
9
What is the greatest common divisor of 28 and 157290?
14
Calculate the highest common divisor of 1694 and 1446247418.
1694
Calculate the greatest common factor of 310 and 3466885.
155
What is the highest common divisor of 67705473 and 33?
33
What is the highest common divisor of 4676508 and 5934?
258
What is the greatest common factor of 2505 and 1612385?
835
What is the highest common divisor of 664 and 292685639?
83
Calculate the greatest common divisor of 2153484963 and 2163.
2163
What is the greatest common factor of 88876 and 31756?
68
What is the greatest common divisor of 67289810 and 980?
70
What is the greatest common factor of 2470544 and 656?
16
Calculate the greatest common divisor of 63267146 and 1.
1
What is the greatest common divisor of 938 and 15331610?
938
What is the highest common factor of 192 and 89269968?
48
Calculate the highest common divisor of 1837951 and 52061.
659
Calculate the highest common factor of 6194063 and 84529.
617
Calculate the highest common divisor of 172 and 85489977.
43
What is the greatest common factor of 9300 and 636?
12
Calculate the highest common factor of 5394518 and 247.
19
What is the greatest common factor of 3051 and 248859?
27
What is the highest common factor of 82984 and 526317?
451
What is the greatest common factor of 348 and 885063876?
348
What is the greatest common divisor of 9310 and 3962260?
190
Calculate the greatest common divisor of 9 and 750528.
9
Calculate the highest common factor of 1820693 and 39347.
3577
Calculate the greatest common divisor of 64 and 5676560.
16
What is the highest common divisor of 105418878 and 456?
114
What is the highest common divisor of 28032 and 146292?
876
Calculate the greatest common divisor of 1022 and 7709968.
1022
What is the greatest common divisor of 80210 and 62686?
26
What is the highest common divisor of 144 and 6299088?
48
Calculate the highest common divisor of 10053 and 62540830.
1117
Calculate the greatest common divisor of 1566 and 16807182.
174
Calculate the greatest common divisor of 405044 and 32264.
436
What is the highest common divisor of 856366758 and 516?
258
What is the greatest common factor of 627 and 63096891?
627
Calculate the greatest common factor of 47 and 225420742.
47
What is the highest common divisor of 118140 and 56385?
2685
What is the highest common factor of 3474 and 36946762?
386
Calculate the greatest common divisor of 10355834 and 762.
254
What is the highest common factor of 33681 and 253752?
327
What is the greatest common factor of 794420 and 1845635?
1265
What is the highest common divisor of 260590 and 5126?
22
What is the greatest common divisor of 250632 and 4824?
72
Calculate the greatest common divisor of 642 and 140513577.
321
Calculate the greatest common divisor of 45720 and 158981140.
2540
Calculate the greatest common factor of 3195270 and 1440.
90
What is the greatest common divisor of 2 and 3040685?
1
Calculate the greatest common factor of 354362206 and 308.
22
Calculate the highest common divisor of 8265 and 27448616.
551
What is the greatest common factor of 36795 and 78208999?
2453
Calculate the greatest common factor of 305 and 143262953.
61
What is the greatest common divisor of 3546945 and 4232?
529
What is the greatest common factor of 784 and 2188438?
98
Calculate the highest common divisor of 144 and 1972392.
24
What is the greatest common factor of 23100 and 2657865?
105
What is the highest common divisor of 69689767 and 2632?
329
What is the highest common factor of 95589 and 147017?
559
Calculate the greatest common factor of 3208035 and 88815.
465
Calculate the highest common divisor of 622237 and 24101.
77
Calculate the highest common divisor of 2372142 and 4002.
174
Calculate the highest common factor of 780277 and 20516.
223
Calculate the greatest common factor of 6494019 and 42.
21
What is the highest common divisor of 5177 and 1439373?
167
What is the highest common factor of 404200 and 972?
4
Calculate the greatest common divisor of 9616473 and 9.
9
What is the greatest common divisor of 215289 and 3010269?
3777
What is the highest common divisor of 1792887 and 162027?
1059
Calculate the highest common factor of 17042670 and 68730.
2370
Calculate the greatest common divisor of 776 and 868.
4
Calculate the greatest common divisor of 131627736 and 216.
72
Calculate the highest common divisor of 2490 and 437669790.
2490
What is the highest common factor of 2486399 and 3488?
109
What is the greatest common factor of 3200 and 107484?
4
What is the greatest common factor of 22875 and 7002129?
183
Calculate the greatest common divisor of 60813 and 66613.
29
What is the greatest common factor of 202029828 and 11?
11
What is the greatest common factor of 18808 and 43192?
8
What is the greatest common divisor of 11 and 20412975?
11
What is the highest common factor of 33168 and 1259693?
691
Calculate the greatest common divisor of 9 and 175508604.
9
Calculate the highest common divisor of 9240 and 350440860.
4620
What is the greatest common divisor of 505560 and 268488?
264
What is the highest common factor of 10945826 and 14?
2
Calculate the greatest common divisor of 3025061 and 188.
47
Calculate the highest common factor of 22858 and 75726476.
2078
Calculate the greatest common divisor of 10983972 and 29325.
1173
Calculate the highest common factor of 10890 and 533040.
30
Calculate the highest common divisor of 9054553 and 5547.
1849
Calculate the greatest common factor of 9751 and 3105793.
199
Calculate the greatest common factor of 8 and 1445957760.
8
Calculate the highest common divisor of 313 and 4361.
1
What is the highest common divisor of 14265 and 22005?
45
What is the greatest common factor of 1242266074 and 478?
478
Calculate the greatest common divisor of 119 and 238095591.
17
Calculate the highest common factor of 12268226 and 790.
158
Calculate the highest common divisor of 440 and 7639940.
220
Calculate the greatest common divisor of 51700 and 894850.
550
What is the greatest common divisor of 23343685 and 285?
95
Calculate the highest common factor of 7659054 and 115020.
1278
What is the highest common factor of 165 and 246046251?
33
What is the greatest common divisor of 756 and 71103564?
252
What is the greatest common divisor of 9367875 and 4542?
2271
Calculate the greatest common factor of 136 and 1130587.
1
Calculate the greatest common factor of 1239024101 and 14558.
7279
Calculate the highest common factor of 5451 and 19037973.
237
What is the greatest common factor of 187 and 33607629?
11
Calculate the highest common factor of 9080093 and 187.
11
What is the highest common divisor of 2595 and 28416?
3
Calculate the highest common divisor of 108472536 and 384.
24
Calculate the greatest common divisor of 99761 and 11.
1
Calculate the highest common divisor of 27574713 and 45.
9
What is the greatest common divisor of 252697562 and 26?
26
What is the greatest common factor of 13249324 and 2244?
748
What is the highest common divisor of 26750741 and 47286?
2627
What is the greatest common factor of 45289961 and 185?
37
Calculate the greatest common divi